sor of i and 5.
5
Suppose 4*h - 9*h = -65. Let o = h + -13. Suppose o = d - 7*d + 144. Calculate the highest common factor of 4 and d.
4
Suppose 4 = -7*y + 6*y - 3*u, -2*u = 4. Suppose 2*f - 12 = -2*g, -9 = g - f - f. Calculate the highest common factor of y and g.
1
Let j be (45/(-20) - -1)*(-64)/1. What is the greatest common divisor of 20 and j?
20
Let n be (-108)/9*5*(-15)/12. Let y = n - 27. What is the greatest common divisor of y and 12?
12
Let c be (-57)/(-5) - (-4)/(-10). Let f be 1/((-561)/(-279) - 2). Let d be (-8)/(-12) + f/9. Calculate the highest common factor of c and d.
11
Suppose -o + 103 = 102. Let r be (1 + -4)/o + 36. What is the highest common divisor of r and 22?
11
Let g = 18 + -3. Let a = -8 + 7. Let f be a - (-1)/(1/4). What is the highest common divisor of f and g?
3
Suppose 2*r + 3*r = 0. Suppose -4*g + n + 34 = r, 3*n = -2*n + 10. What is the greatest common factor of g and 6?
3
Let r = 34 + -22. Let a be 17*3*3/9. Let c = a - r. What is the highest common divisor of 5 and c?
5
Let w be (-1 - (1 + -7))*11. Let l = 246 - 224. Calculate the greatest common factor of w and l.
11
Let j(z) be the first derivative of z**2/2 - 5*z - 18. Let b be j(11). What is the greatest common divisor of 12 and b?
6
Let x be -6*(4/(-8))/(-1). Let q be (14/8)/(x/(-24)). Calculate the greatest common divisor of 42 and q.
14
Suppose -4*d - 42 + 2 = 0. Let k = 20 - d. Let n(q) = q**3 + 4*q**2 - 3*q + 2. Let z be n(-3). Calculate the greatest common factor of z and k.
10
Let w(k) = -k**2 - k + 9. Let g be w(10). Let o = 176 + g. Calculate the greatest common divisor of o and 25.
25
Let n be 0 + 4 + 4*(-637)/(-14). What is the greatest common divisor of n and 6?
6
Let o be ((-2)/(-6))/((9 - 3)/4554). Calculate the highest common divisor of o and 46.
23
Suppose -3*s + 2 = -7, p + 4*s = 481. What is the greatest common factor of p and 7?
7
Let a(m) be the first derivative of m**4/4 - m**3/3 - m**2/2 + 13*m + 19. Let t be a(0). Calculate the greatest common divisor of t and 65.
13
Let g be (-218)/4*-2 + 3. Let i(w) = -w - 3. Let m be i(-5). Suppose 0 = -3*j + 4*u + 50, -u + 40 = -m*j + 5*j. What is the highest common factor of j and g?
14
Let f be (-120)/25*10/(-3). What is the highest common divisor of 64 and f?
16
Let s = 39 - 23. Let d be 228/(-20) - 4/(-10). Let q = 19 + d. Calculate the greatest common divisor of s and q.
8
Suppose 6*w = 5*w + 207. Let g(n) = -5*n - 2. Let q be g(-5). Calculate the greatest common divisor of q and w.
23
Suppose -4*p + 2*m = -28, 4*m = -26*p + 22*p + 28. What is the greatest common divisor of p and 5?
1
Suppose i - 5*q - 206 = 0, -i - q = -4*q - 210. Suppose -s + 2*s - i = 0. Calculate the highest common divisor of 27 and s.
27
Let c = -6 - -17. Let b(k) = -133*k - 178. Let w be b(-2). What is the highest common divisor of c and w?
11
Suppose -2*s + 4*i = -12, -24*s + i + 18 = -21*s. What is the greatest common divisor of s and 21?
3
Suppose -c + 0 = 3. Let b be ((-3)/1)/c*3. Suppose -6*o + b*o + 39 = 3*i, i = -5*o + 57. Calculate the greatest common divisor of o and 99.
11
Let w(t) = 16*t - 2. Let r be w(2). Let o be 4/r - 826/(-105). Suppose 5*f - 172 - 28 = 0. Calculate the greatest common divisor of f and o.
8
Let z = 2545 - 532. What is the highest common divisor of 33 and z?
33
Let n(b) be the second derivative of b**3/3 + 6*b**2 - 5*b. Let t be n(5). Let v = -14 + t. What is the highest common divisor of v and 72?
8
Let f = 139 + -124. What is the highest common factor of 15 and f?
15
Let j(g) = 18 + 14 - 6 + 4 + g. Let t be j(-15). Suppose 2*y = 4*y - 6. Calculate the highest common factor of y and t.
3
Suppose 51*k - 54*k - 2*z = -598, -2*k - 2*z + 398 = 0. Calculate the highest common divisor of k and 40.
40
Let d(p) be the second derivative of 26*p**3/3 - 3*p. Let n = 6 - 4. Let b be d(n). What is the greatest common factor of 13 and b?
13
Let f = 110 - 92. Calculate the greatest common factor of 72 and f.
18
Suppose 14*t = 7*t + 280. Let r be ((-2)/5)/((-4)/t). What is the greatest common divisor of 12 and r?
4
Let d(i) = -i**3 + 17*i**2 - 16*i + 39. Let w be d(16). Suppose -653 = -u - 224. Calculate the greatest common factor of u and w.
39
Let z be (-8)/(-28) + 102/(-14). Let b be 2/(-7) - 639/z. Suppose -5*a + 3*y = -4*a - 25, 5*y = -2*a + 6. What is the greatest common divisor of a and b?
13
Let r(o) = o**3 - 7*o**2 - 11*o + 10. Let n be r(10). What is the greatest common factor of 30 and n?
10
Let k = 183 + -162. What is the greatest common factor of k and 252?
21
Suppose 2*m - 4*m + 5*l = -118, 2*l + 8 = 0. Let d = m + 11. Let i = -5 + 17. Calculate the greatest common divisor of i and d.
12
Suppose -6*g = -212 + 50. Calculate the highest common factor of 207 and g.
9
Let k = 1378 + 1434. Calculate the greatest common factor of k and 76.
76
Suppose -3*q + 12 = q. Let v be 5/((-23)/(-6) - q). Let m = 3 + 6. What is the highest common divisor of v and m?
3
Let r be (235/141)/((-10)/(-36)). What is the greatest common factor of 6 and r?
6
Let h(l) = -14*l**3 - 8*l**2 - 5*l + 12. Let o be h(-4). Calculate the highest common factor of o and 25.
25
Let r = -3 + 38. Suppose 0 = -g + 5 + r. Calculate the highest common divisor of 60 and g.
20
Suppose -3*f = 4*r - 1080 - 1191, 0 = -3*r + 3*f + 1719. What is the greatest common factor of r and 57?
57
Let b be 30 + 45/11 + 9/(-99). What is the greatest common factor of 187 and b?
17
Let d = -1875 + 1911. Let w = 6 + -2. Calculate the greatest common factor of d and w.
4
Suppose -99*l + 95*l = -312. What is the highest common factor of l and 104?
26
Suppose -4*h + 45 = 1. Let m = -65 + 98. Calculate the highest common factor of m and h.
11
Let h(s) be the first derivative of s**2/2 + 14*s - 161. Let p be (1 + -1)*(-1 - 0). Let v be h(p). Calculate the highest common divisor of v and 21.
7
Let w = -41 - -39. Let z be ((-4)/(-8))/(w/(-4)). What is the greatest common divisor of 2 and z?
1
Let b be 222 + 2 + -4 + -2 + 3. Calculate the highest common divisor of 17 and b.
17
Let f(z) = z**2 + 5*z + 42. Let b be f(-7). What is the highest common divisor of 42 and b?
14
Suppose -26*n + 18*n + 88 = 0. Calculate the greatest common divisor of n and 121.
11
Suppose 11 = 4*g - 1. Let d = 27 + -3. Calculate the highest common factor of g and d.
3
Suppose -27 = 5*a + l, 5*a = 5*l + 1 - 16. Let k be (0 + -1 - a) + 16. What is the greatest common factor of k and 60?
20
Let a = 60 - -3. Suppose 0 = 3*b - 18 - a. What is the greatest common factor of 189 and b?
27
Let t be (2 - (-8)/(-3))/(4/(-246)). Let f = -33 + t. Let u be 1 + 6/(-3) + 17. Calculate the highest common divisor of f and u.
8
Let t = -336 + 570. What is the greatest common divisor of t and 18?
18
Let r(c) be the first derivative of c**2/2 - 3*c - 2. Let y be r(14). Calculate the highest common divisor of y and 55.
11
Let w(c) = 2*c**2 - 18*c - 122. Let x be w(14). What is the highest common divisor of x and 774?
18
Let x = -468 + 810. What is the highest common divisor of 76 and x?
38
Let h be 2277/22 - (-3)/2. Calculate the greatest common factor of h and 140.
35
Suppose -6*n = -3*n - 36. Let r be 124 - -8*2/n*-3. What is the highest common factor of r and 24?
24
Let m = 212 - 3. Calculate the greatest common divisor of m and 95.
19
Let x = 483 - 471. Calculate the highest common factor of 15 and x.
3
Let s(g) = -2*g + 2. Let d be s(5). Let r be (-642)/d + (4 - (-68)/(-16)). Calculate the highest common factor of 32 and r.
16
Suppose -6*r - 15 = -r, -3*o - 186 = 4*r. Let b = 158 + o. What is the highest common factor of b and 20?
20
Let w be (-4)/(-3) + (-894)/(-18). Suppose -w = 3*h - 69. What is the highest common factor of 54 and h?
6
Suppose -5 + 20 = d. Suppose d*x - 15 = 12*x. What is the highest common divisor of 5 and x?
5
Let g(d) = -15*d + 1. Let r be g(-1). Let p(l) = 8 + 16*l**2 + 0*l - 17*l**2 - 8*l. Let b be p(-8). What is the highest common factor of b and r?
8
Suppose 4*y - 49 = -13. Suppose 0 = y*n - 11*n + 10. Calculate the highest common divisor of n and 5.
5
Suppose 5*w = -3*d, 3*d + w - 6 = -2*w. Let m(r) = 4 + d + 393*r - 6. Let l be m(1). Calculate the highest common factor of l and 36.
36
Suppose -k = -4*z - 1197, 4*k = k + 5*z + 3570. What is the greatest common divisor o